l**3 + 73*l**2 - 330*l - 1274. Determine j(68).
-594
Let a(n) = 978*n**2 + 999*n + 23. Give a(-1).
2
Let q(t) = t**3 + 572*t**2 - 3064*t - 103297. Give q(-577).
-14
Let r(o) = 858*o - 24837. What is r(28)?
-813
Let q(j) = -j**3 + 13*j**2 - 227*j + 743. What is q(4)?
-21
Let f(j) = -j**2 - 164*j + 21551. Calculate f(-250).
51
Let o(j) = -6883*j + 6996. Calculate o(1).
113
Let x(l) = -417*l + 11293. Determine x(26).
451
Let s(n) = 2*n**3 + 15*n**2 - 54*n - 258. What is s(-7)?
169
Let t(m) = -23*m**3 + 6*m**2 + 32*m - 20. Give t(4).
-1268
Let t(s) = -s**3 - 13*s**2 + 63*s + 1326. Give t(-14).
640
Let t(x) = 3*x**2 + 58*x + 52. Give t(-22).
228
Let b(g) = 4*g**3 + 207*g**2 - 777*g - 56. Calculate b(4).
404
Let v(j) = -154*j**2 - 241*j + 260. What is v(1)?
-135
Let o(b) = -17575*b - 228472. Give o(-13).
3
Let i(q) = -11512*q + 207199. Give i(18).
-17
Let v(j) = -26*j - 2882. Determine v(-41).
-1816
Let v(h) = 987*h**3 - 60210*h**2 + 181*h + 121. Give v(61).
-1
Let n(i) = -i**3 + i**2 + 139*i + 100. Calculate n(0).
100
Let r(v) = -77*v - 826. Give r(-16).
406
Let c(y) = y**3 - 103*y**2 + 4345*y + 1. What is c(0)?
1
Let d(g) = -40282*g - 402802. Give d(-10).
18
Let v(d) = d**2 - 194*d - 2724. What is v(-13)?
-33
Let d(c) = -11*c**2 - 13968*c + 327073. Give d(23).
-10
Let l(u) = -596*u + 2430. Determine l(6).
-1146
Let w(n) = n**3 + 502*n**2 - 21*n - 10512. Calculate w(-502).
30
Let p(y) = -1230*y + 16519. Determine p(13).
529
Let m(s) = 6396*s - 121648. Give m(19).
-124
Let c(b) = b**2 + 1416*b - 27268. Determine c(19).
-3
Let f(d) = 2*d**3 + 91*d**2 + 718*d - 16. Determine f(-9).
-565
Let x(j) = j**2 - 30508*j + 122016. What is x(4)?
0
Let m(b) = b**3 + 65*b**2 - 1808*b - 164. Calculate m(-86).
8
Let q(z) = 176*z + 2489. What is q(-12)?
377
Let g(k) = -k**2 - 1650*k - 666218. Determine g(-705).
7
Let t(b) = -4725*b + 425247. Calculate t(90).
-3
Let m(d) = 3*d**3 - 211*d**2 + 56*d + 845. Give m(70).
-135
Let i(t) = -2*t**3 - 19*t**2 + 128*t + 627. Calculate i(-14).
599
Let r(f) = -f**2 - 663*f - 23152. Give r(-626).
10
Let w(x) = -x**3 - 4*x**2 + 393*x + 3573. Determine w(-13).
-15
Let f(a) = 6254*a**2 + 62546*a + 10. What is f(-10)?
-50
Let q(c) = -1116*c - 2267. What is q(-3)?
1081
Let l(p) = -4*p**2 + 148*p + 1632. Calculate l(-12).
-720
Let x(f) = -11*f**3 + 841*f**2 + 4023*f + 2190. What is x(81)?
3
Let g(l) = 5*l**2 - 1676*l + 16852. Determine g(10).
592
Let v(i) = 11893*i - 47533. Determine v(4).
39
Let h(u) = -5710*u - 40673. What is h(-7)?
-703
Let a(q) = 7262*q - 5105103. What is a(703)?
83
Let z(n) = 20*n**2 - 959*n + 4662. Calculate z(5).
367
Let x(d) = -d**3 - d**2 + 629*d - 3707. What is x(6)?
-185
Let j(x) = -24*x**3 + 121*x**2 - 27*x - 6. Give j(5).
-116
Let w(z) = -17*z**2 + 308*z - 2677. Give w(9).
-1282
Let z(s) = 2*s**3 + 408*s**2 + 432*s + 5288. What is z(-203)?
10
Let s(h) = -h**2 - 3028*h + 3863170. Give s(967).
5
Let a(q) = -68*q + 2356. What is a(35)?
-24
Let a(z) = 2*z**3 - 281*z**2 - 712*z - 264. What is a(143)?
165
Let s(d) = -d**3 + 29*d**2 + 30*d - 174. Determine s(8).
1410
Let p(g) = 478*g**3 + 12*g**2 + 18*g + 5. Determine p(-1).
-479
Let w(y) = 23*y**3 - 161*y**2 + 679*y - 3247. Calculate w(6).
-1
Let r(o) = 4*o**2 - 10853*o - 75997. What is r(-7)?
170
Let s(u) = -u**3 - 58*u**2 + 148*u + 1562. Calculate s(-60).
-118
Let q(l) = 994*l + 2032. Calculate q(-2).
44
Let a(x) = -5*x**3 - 68*x**2 - 27*x - 792. Calculate a(-14).
-22
Let u(t) = -t**2 - 5728*t + 40161. Determine u(7).
16
Let x(d) = -d**3 - 526*d**2 + 2657*d + 1068. Determine x(-531).
6
Let r(v) = -121651*v + 730086. Determine r(6).
180
Let v(s) = 737*s - 106804. Give v(145).
61
Let g(j) = -3385*j + 507760. Determine g(150).
10
Let n(l) = -34*l**2 - 23816*l + 12600. What is n(-701)?
-18
Let o(d) = -3558*d + 79920. Calculate o(22).
1644
Let i(n) = 17910*n - 18680110. What is i(1043)?
20
Let m(l) = -l**3 - 48*l**2 - 125*l - 3933. Determine m(-47).
-267
Let l(x) = 827*x - 829. Give l(0).
-829
Let y(u) = -u**3 - 178*u**2 - 4075*u + 55. Give y(-27).
1
Let a(k) = -11*k**2 - 2*k + 1007. Calculate a(17).
-2206
Let h(x) = 20352*x + 103751. What is h(-5)?
1991
Let v(j) = -53*j**2 + 509*j - 2054. What is v(4)?
-866
Let c(j) = 2961*j - 27743. What is c(9)?
-1094
Let a(z) = -3*z**2 + 29335*z + 293556. What is a(-10)?
-94
Let k(v) = 4*v**2 - 192*v + 441. Give k(32).
-1607
Let n(c) = 3655*c - 281427. Give n(77).
8
Let x(a) = 6*a**2 - 1450*a - 15099. What is x(-10)?
1
Let i(g) = 2728*g**2 - 13643*g + 5. Give i(5).
-10
Let q(b) = 13402*b + 1366989. Give q(-102).
-15
Let l(h) = h**2 - 4645*h - 79251. What is l(-17)?
3
Let i(r) = 3*r**2 - 31*r + 192. Calculate i(8).
136
Let u(s) = -4*s**3 + 173*s**2 + 479*s + 67. Calculate u(46).
-1175
Let k(s) = 19*s**2 - 3493*s - 568. Give k(184).
-16
Let x(y) = 544*y**3 + 3*y**2 + 2*y. Calculate x(-1).
-543
Let o(k) = k**3 + 14*k**2 + 331*k + 4693. Give o(-14).
59
Let t(w) = -6623*w - 165709. Calculate t(-25).
-134
Let g(p) = p**3 - 62*p**2 + 909*p - 42. Calculate g(38).
-156
Let y(i) = -i**3 + 26*i**2 + 42*i - 543. Determine y(23).
2010
Let j(v) = -v**3 - 21*v**2 - 3*v + 296. Calculate j(-20).
-44
Let f(c) = -4*c**2 - 2484*c - 7437. Determine f(-3).
-21
Let v(f) = 751*f + 4365. Calculate v(-6).
-141
Let l(x) = -3*x**3 - 151*x**2 - 938*x - 122. Give l(-43).
-466
Let j(k) = k**3 - 168*k**2 - 2304*k - 8874. Give j(181).
-5
Let c(i) = -i**3 + 38*i**2 - 335*i - 46. What is c(24)?
-22
Let o(z) = z**2 - 20*z + 114. What is o(-33)?
1863
Let y(h) = h**2 - 40928*h - 655118. What is y(-16)?
-14
Let j(k) = 443*k**2 - 87700*k - 2777. Give j(198).
-5
Let g(r) = 28*r**3 + 361*r**2 + 73*r + 1195. Give g(-13).
-261
Let i(a) = 2*a**2 - 379*a - 30258. Determine i(250).
-8
Let d(y) = -218*y**2 - 7445*y - 1155. What is d(-34)?
-33
Let m(q) = -2*q**3 - 29*q**2 - 17053*q - 291345. What is m(-17)?
1
Let w(s) = -58237*s + 815307. What is w(14)?
-11
Let r(o) = -130*o**2 + 9748*o + 81. What is r(75)?
-69
Let d(j) = 109*j + 384. Determine d(-22).
-2014
Let b(k) = 1120*k**2 - 296787*k - 3442. Calculate b(265).
3
Let i(c) = 4*c**3 - 14*c**2 - 23*c - 35. What is i(5)?
0
Let c(a) = -2*a**2 - 206*a + 1316. Calculate c(6).
8
Let z(i) = 20*i**2 - 10725*i - 73307. Determine z(543).
-2
Let u(r) = -9361*r + 318189. Calculate u(34).
-85
Let r(p) = 18237*p - 2462047. What is r(135)?
-52
Let h(o) = -3601*o - 1022643. What is h(-284)?
41
Let w(u) = -28*u**2 - 8327*u + 4945. Calculate w(-298).
-121
Let p(y) = -450*y + 135492. Give p(302).
-408
Let b(c) = 16*c**2 - 416*c + 2083. Give b(16).
-477
Let v(i) = -7990*i + 535238. Calculate v(67).
-92
Let m(a) = -a**3 + 172*a**2 - 5874*a - 3736. Calculate m(48).
8
Let u(z) = -z**3 - 45*z**2 - 99*z - 685. What is u(-43)?
-126
Let a(y) = y**3 + 40*y**2 - 20*y - 6988. Give a(-17).
-1
Let c(f) = f**3 + 15*f**2 + 18*f + 1093. Determine c(0).
1093
Let p(a) = 2*a**3 - 40*a**2 - 133*a + 201. Calculate p(20).
-2459
Let v(n) = 124*n**2 - 4907*n - 14738. Calculate v(-3).
1099
Let q(t) = -1924*t + 18220. What is q(11)?
-2944
Let w(u) = 993*u + 183614. What is w(-187)?
-2077
Let g(s) = 544*s + 1212. Determine g(-3).
-420
Let i(u) = -37307*u - 186527. Give i(-5).
8
Let l(p) = p**3 - p**2 + 6*p - 26. What is l(2)?
-10
Let v(t) = -t**2 - 178*t + 4149. Calculate v(-198).
189
Let z(r) = 431*r - 15537. Determine z(36).
-21
Let y(n) = 5*n**3 - 167*n**2 + 26*n + 104. Give y(33).
-1216
Let l(i) = i**2 - 61*i - 1787. Determine l(-18).
-365
Let y(i) = 5*i**3 - 66*i**2 - 791*i + 10363. Determine y(12).
7
Let f(x) = -469*x - 155733. Give f(-332).
-25
Let j(q) = -32940*q - 922314. Calculate j(-28).
6
Let n(k) = -k**3 + 10*k**2 - 258*k + 671. Give n(3).
-40
Let m(y) = -2*y**3 - 20*y**2 + 32*y + 28. Give m(-11).
-82
Let g(i) = -1605*i - 12783. What is g(-8)?
57
Let z(g) = 13*g**2 - 1346*g + 375. Calculate z(103).
-346
Let h(i) = -3*i**2 + 185*i - 2664. Determine h(39).
-12
Let i(o) = -94*o - 5314. Calculate i(-57).
44
Let b(q) = q**3 - 22*q**2 + 23*q - 52. Give b(17).
-1106
Let g(j) = -2869*j + 46081. Give g(16).
177
Let c(u) = -38*u**2 - 789*u - 2144. What is c(-18)?
-254
Let o(c) = -c**3 + 94*c**2 - 1430*c + 170. Determine o(19).
75
Let s(o) = -315*o**3 + 164*o**2 + 165*o + 2. What is s(-1)?
316
Let i(q) = 47040*q + 658606. Give i(-14).
46
Let s(v) = -578*v - 12468